 Let n be x(-5). What is the highest common factor of n and f?
7
Let b(o) = -15*o + 0*o**2 + 2*o**2 + 10*o. Let v be b(4). What is the highest common factor of v and 132?
12
Let n be (1 + -1 - -175) + -4. Calculate the greatest common factor of n and 9.
9
Let b(m) = m**2 - m + 6. Suppose 0 = -3*x, 6*k = 3*k - x. Let j be b(k). Let h be (-254)/(-9) + j/(-27). Calculate the greatest common factor of 7 and h.
7
Suppose -5*q = -0*q - 15. Suppose 8 = 2*y + 2*y + 4*b, q*y - 5*b = 14. What is the greatest common factor of y and 1?
1
Suppose 7 = 3*j - 14. What is the highest common divisor of j and 175?
7
Suppose w - 4 + 1 = 0. Let z be 2/w - 295/(-3). Calculate the greatest common divisor of z and 9.
9
Suppose 4*p - 8*p = -168. Calculate the greatest common factor of p and 6.
6
Let j(i) = -i**3 - 9*i**2 + 2. Let x be j(-9). Suppose -x - 50 = -4*n. Calculate the greatest common factor of 104 and n.
13
Let m(p) = -p**2 + 5*p + 1. Let w be m(4). Suppose 0 = 5*o + 5*h - 230 - 130, w*o = 3*h + 400. Calculate the greatest common factor of 7 and o.
7
Let k be (-1)/((-4)/259) + 1/4. Calculate the greatest common divisor of 5 and k.
5
Let q(d) = -53*d + 1. Let b be q(-1). Suppose -2*o + b = 12. What is the highest common divisor of o and 231?
21
Let m(s) = -11*s**3 + 2*s**2 - s - 1. Let b be m(-3). Let n = b - 173. Suppose 0 = 3*c - 15, -c - 13 = -0*z - z. Calculate the highest common factor of z and n.
18
Let k(p) = 2*p**2 + 2*p - 2. Let b be k(1). Calculate the greatest common factor of 14 and b.
2
Let c be 2/4 - (-21)/2. Calculate the highest common divisor of 1 and c.
1
Let t = -3 - -11. Suppose -5*j - 17 = t, -j - 16 = -y. What is the greatest common divisor of y and 11?
11
Let o(c) = -c**2 + 7*c - 7. Let v be o(5). Calculate the greatest common divisor of 33 and v.
3
Let x(u) = -u**2 + 9*u + 9. Let i be x(9). Calculate the highest common divisor of 1 and i.
1
Suppose 252 = -l + 5*l + 2*o, o - 2 = 0. Let u = l + -30. Calculate the highest common divisor of u and 8.
8
Suppose 0 = -2*g + 4*g + 4. Let l be 0/g*(0 + -1). Suppose 0 = -5*y - l*y + 10. Calculate the greatest common divisor of 14 and y.
2
Let c(b) = b**2 - 36. Let i be c(-7). What is the highest common divisor of i and 104?
13
Let l be (-1854)/(-117) - (3 + (-123)/39). Let b(q) = -23*q**3 - 3*q**2 - 2*q. Let m be b(-2). Calculate the greatest common divisor of m and l.
16
Let p = -25 - -39. Calculate the greatest common divisor of p and 70.
14
Suppose -2*d + 4 = -0. What is the highest common factor of 18 and d?
2
Suppose 0 = -0*m + 5*m. Let z be 20 - (-3)/(-9)*m. What is the highest common divisor of z and 5?
5
Let a be (5/1)/((-5)/(-2)). Let v be (-2 - a)/(5/(-20)). Calculate the greatest common divisor of v and 128.
16
Suppose t = -3*n + 22, 0 = 5*t - 2*n - 67 - 43. Calculate the greatest common divisor of t and 22.
22
Let s be 12/48 + 79/4. Calculate the highest common factor of s and 4.
4
Suppose 3*a = -5*k - 299, 104 = 4*a + 3*k + 521. Let v = -43 - a. What is the highest common factor of v and 13?
13
Let y(c) be the third derivative of c**4/12 + c**3/2 - 3*c**2. Let r be y(7). What is the greatest common factor of 34 and r?
17
Let m be 1 + 1 + 40/1. Let v(g) = g. Let j be v(-7). Let u(a) = -4*a. Let i be u(j). What is the highest common divisor of m and i?
14
Let s = -27 + 39. Suppose 3*j = 4*b - 408, j - 3*j = -b + 97. Let f = 189 - b. What is the highest common factor of s and f?
12
Let p be 2/(-4)*(1 - 7). Suppose -g + 16 = 2*h, -4*g + 65 + 19 = 3*h. Calculate the highest common divisor of p and g.
3
Let m(j) = 7*j + 4. Let w be m(3). Let a be 0 - (2 - (-1 + 1)). Let z be (8/(-6))/(a/15). What is the greatest common divisor of z and w?
5
Let v(m) = 2*m**2 - 7*m. Let x be v(5). Calculate the greatest common factor of 15 and x.
15
Suppose 2*u - 36 = -2*d, 5*d - u = 115 - 7. Suppose 0*s + 28 = 2*s. Calculate the greatest common divisor of s and d.
7
Suppose 29 = -2*l - 63. Let f = -25 - l. What is the greatest common divisor of 7 and f?
7
Let c(s) = 4*s**2 - 4*s - 5. Let u be c(-5). Let t(n) = 45*n**2 + 2*n - 1. Let k be t(1). What is the highest common divisor of u and k?
23
Suppose 3*x = 3*m + 2 - 5, 14 = 4*m + x. Let r be m*(39/9 + -1). Let u = r + -3. What is the greatest common divisor of 63 and u?
7
Suppose 10*u - 5*u = 60. Suppose -5*f = 5*l, -f = 3*f + l - u. What is the highest common divisor of 32 and f?
4
Let d be (-24)/5*(-10)/3. Calculate the greatest common factor of 8 and d.
8
Let b = -14 + 21. Calculate the highest common factor of 49 and b.
7
Let c be 85/3 + (-1)/3. Let q(l) = l**2 - 4*l - 4. Let x be q(5). Let r be (9 - x) + -2 + -2. What is the greatest common factor of c and r?
4
Suppose 0*s = -4*s + 32. Calculate the highest common factor of 32 and s.
8
Let y be (2 + 10)/(3 - 2). Calculate the greatest common factor of 18 and y.
6
Suppose c - 6*g - 8 = -2*g, 5*c = g + 116. What is the greatest common factor of 16 and c?
8
Suppose 27 = m + 23. Calculate the highest common divisor of m and 72.
4
Let t(o) = 3*o. Let n(i) = i**3 - i**2 - 8. Let j be n(0). Let z = j + 15. Let s be t(z). Calculate the greatest common divisor of s and 3.
3
Let b(i) = -4*i - 3. Let h be b(-5). Let t be 205 + ((-2)/(-2) - 2). Suppose -5*u + t = -u. What is the highest common factor of h and u?
17
Suppose -3*p + j - 2*j + 76 = 0, 0 = j + 2. What is the greatest common factor of p and 26?
26
Let x be 10 + -6 - (-1 + -23). Calculate the highest common divisor of x and 70.
14
Suppose -4*q = -5*f - 50, -f - 69 = -5*q + 2*f. Suppose 4*y - 184 = 2*s, 6 = 5*y - 5*s - 229. Calculate the highest common divisor of q and y.
15
Let g = 0 - -10. Suppose -g*d + 12*d - 2 = 0. What is the highest common factor of d and 11?
1
Suppose 2*z - f = 4, 32 = 3*z - 2*f + 7*f. Suppose 36 = z*a - 0*a. Calculate the highest common divisor of 6 and a.
3
Let y = 121 + -56. Suppose 2*p = -3*q - 0*q + 41, -5*q = -2*p + y. What is the greatest common factor of p and 10?
5
Suppose 3*i + v = -v + 28, -i - 3*v = -14. Suppose -3*r + 4 = 1. What is the highest common factor of r and i?
1
Suppose 0 = 2*f + 5 - 13. Let d(s) = 5*s**2 + f + 4*s - 1 + 0*s**2. Let u be d(-3). Calculate the greatest common divisor of u and 12.
12
Suppose 46 = -3*v - 4*d, -3*d - d = -4*v - 24. Let q = 26 - 28. Let b = q - v. Calculate the highest common factor of 24 and b.
8
Let n(z) = z**3 + 4*z**2 - 11*z + 5. Let l be n(2). What is the highest common factor of l and 63?
7
Suppose 5*i + 10 = 5*p, -3*i + 6 = -i. Let l = 7 + p. Let k be (-12)/(-3 - (-32)/11). What is the greatest common factor of l and k?
12
Suppose -5*l + 10*l + 10 = 0. Let w = l + 10. Calculate the greatest common factor of 1 and w.
1
Let z(w) = -w**3 - 16*w**2 + 17*w + 1. Let t be z(-17). What is the highest common factor of 1 and t?
1
Let q be (20/(-50))/((-2)/5). Let n be 4477/66 - q/(-6). What is the greatest common factor of 17 and n?
17
Let j be (-4)/(-20) + (-12)/(-15). Calculate the greatest common divisor of 8 and j.
1
Let p be (-2 - (-2 + 0))*1. Suppose q = -2*g + 3*q + 2, p = -5*g + 3*q + 5. What is the greatest common divisor of g and 5?
1
Let h = 187 + -124. What is the highest common divisor of h and 7?
7
Let d(l) = 4*l**2 + 4*l. Let b be d(-2). Calculate the highest common divisor of 72 and b.
8
Let f = 51 + -45. What is the highest common divisor of f and 6?
6
Let f be 2 + -3 - (-134 - 2). Calculate the greatest common factor of 15 and f.
15
Let m = -2 + 21. What is the highest common factor of 76 and m?
19
Let g(a) = -8*a**2 - a + 2. Let h be g(2). Let p = h - -101. Suppose 0 = -2*l + p - 21. What is the greatest common factor of l and 36?
12
Suppose 98 = 4*d + 5*w, 0*d + 4*d - 5*w - 78 = 0. What is the greatest common divisor of d and 110?
22
Let x = -277 - -146. Let b = x - -263. Suppose -h - 3 = 0, -h = u + u - 21. What is the highest common divisor of b and u?
12
Let w(l) = l**3 + 15*l**2 - 17*l - 12. Let v be w(-16). Calculate the highest common factor of 32 and v.
4
Suppose 102 = 2*p + 2*h, -p + 6*p - 231 = 3*h. Suppose -48*z = -42*z - 36. What is the greatest common factor of p and z?
6
Let f = -87 - -197. Calculate the highest common factor of f and 44.
22
Let z be (-2)/(-6) + 11/3. Let h(c) = c + 12. Let g be h(0). Calculate the highest common divisor of z a